91843?
8
What is the ten thousands digit of 33524368?
2
What is the hundred thousands digit of 190931576?
9
What is the millions digit of 65270398?
5
What is the tens digit of 210726614?
1
What is the millions digit of 279201447?
9
What is the tens digit of 128432343?
4
What is the thousands digit of 247169994?
9
What is the ten millions digit of 914953714?
1
What is the tens digit of 10818083?
8
What is the billions digit of 1162717140?
1
What is the ten thousands digit of 476183881?
8
What is the thousands digit of 2673196049?
6
What is the millions digit of 2284970998?
4
What is the units digit of 10955244?
4
What is the hundreds digit of 57244763?
7
What is the millions digit of 33979428?
3
What is the millions digit of 8691630?
8
What is the ten thousands digit of 25642366?
4
What is the ten thousands digit of 468444215?
4
What is the hundred millions digit of 468154735?
4
What is the ten millions digit of 138384554?
3
What is the ten millions digit of 1986258284?
8
What is the hundred thousands digit of 6714533270?
5
What is the ten thousands digit of 15571517?
7
What is the hundred millions digit of 143516337?
1
What is the thousands digit of 982511804?
1
What is the tens digit of 113934733?
3
What is the ten millions digit of 44740351?
4
What is the hundreds digit of 70188747?
7
What is the hundred thousands digit of 308596823?
5
What is the hundred millions digit of 902881028?
9
What is the hundred millions digit of 270446253?
2
What is the hundred thousands digit of 171415660?
4
What is the hundreds digit of 4072206853?
8
What is the billions digit of 4150724080?
4
What is the ten millions digit of 226772680?
2
What is the ten thousands digit of 3779842795?
4
What is the ten thousands digit of 52553793?
5
What is the millions digit of 546210171?
6
What is the millions digit of 22851531?
2
What is the thousands digit of 333667081?
7
What is the tens digit of 8317314?
1
What is the millions digit of 208491203?
8
What is the millions digit of 134435732?
4
What is the hundred thousands digit of 52194713?
1
What is the ten thousands digit of 51590458?
9
What is the tens digit of 898916778?
7
What is the thousands digit of 287760157?
0
What is the ten thousands digit of 2697809850?
0
What is the hundred thousands digit of 174906252?
9
What is the units digit of 666808756?
6
What is the tens digit of 107966830?
3
What is the hundred millions digit of 2734084278?
7
What is the millions digit of 50600712?
0
What is the hundred thousands digit of 1237337179?
3
What is the ten thousands digit of 755731293?
3
What is the billions digit of 1187606559?
1
What is the hundred millions digit of 4249820839?
2
What is the tens digit of 10659995?
9
What is the hundreds digit of 365984730?
7
What is the ten millions digit of 26884620?
2
What is the hundreds digit of 5493615?
6
What is the hundreds digit of 2867686619?
6
What is the ten millions digit of 767784610?
6
What is the ten thousands digit of 3401254929?
5
What is the millions digit of 10968986?
0
What is the units digit of 19567626?
6
What is the millions digit of 860198199?
0
What is the ten thousands digit of 180521263?
2
What is the tens digit of 27965381?
8
What is the tens digit of 659610540?
4
What is the ten thousands digit of 238250636?
5
What is the billions digit of 2418870685?
2
What is the hundreds digit of 427513116?
1
What is the ten millions digit of 100101370?
0
What is the millions digit of 94799596?
4
What is the thousands digit of 240564634?
4
What is the ten thousands digit of 1104898796?
9
What is the thousands digit of 85875840?
5
What is the tens digit of 11462042?
4
What is the units digit of 8155218983?
3
What is the hundreds digit of 62097714?
7
What is the hundred thousands digit of 17005018?
0
What is the units digit of 2423364486?
6
What is the billions digit of 7076071673?
7
What is the thousands digit of 64021910?
1
What is the millions digit of 2297566970?
7
What is the tens digit of 1638943072?
7
What is the units digit of 33410282?
2
What is the hundred millions digit of 197206366?
1
What is the millions digit of 38481284?
8
What is the units digit of 2495159?
9
What is the thousands digit of 53180682?
0
What is the ten millions digit of 284815773?
8
What is the ten thousands digit of 81062017?
6
What is the units digit of 71878794?
4
What is the hundreds digit of 966386864?
8
What is the hundreds digit of 3597183563?
5
What is the units digit of 1376080071?
1
What is the hundred millions digit of 1007191047?
0
What is the hundred thousands digit of 50886631?
8
What is the hundreds digit of 119785947?
9
What is the ten thousands digit of 320190403?
9
What is the ten thousands digit of 57156526?
5
What is the hundreds digit of 203492063?
0
What is the hundreds digit of 922674034?
0
What is the hundreds digit of 535703211?
2
What is the ten millions digit of 46095114?
4
What is the hundred millions digit of 359735869?
3
What is the billions digit of 1333726314?
1
What is the ten millions digit of 14663201?
1
What is the thousands digit of 95382295?
2
What is the thousands digit of 3908942432?
2
What is the ten millions digit of 98784956?
9
What is the units digit of 85524309?
9
What is the hundred thousands digit of 44543208?
5
What is the tens digit of 173889346?
4
What is the units digit of 6551431?
1
What is the ten millions digit of 19973119?
1
What is the hundred thousands digit of 26552003?
5
What is the tens digit of 2375086146?
4
What is the hundreds digit of 52646639?
6
What is the ten millions digit of 1280499083?
8
What is the tens digit of 160072830?
3
What is the hundred thousands digit of 190735106?
7
What is the hundred thousands digit of 5752430196?
4
What is the hundred millions digit of 136980894?
1
What is the ten millions digit of 37473279?
3
What is the millions digit of 241131636?
1
What is the hundred thousands digit of 815552085?
5
What is the ten thousands digit of 917813219?
1
What is the hundreds digit of 1202729?
7
What is the tens digit of 860126992?
9
What is the units digit of 32962700?
0
What is the millions digit of 3546537213?
6
What is the units digit of 464944212?
2
What is the millions digit of 686227017?
6
What is the hundreds digit of 531573311?
3
What is the ten thousands digit of 27900519?
0
What is the hundred thousands digit of 1940844579?
8
What is the units digit of 4055688?
8
What is the ten millions digit of 242493015?
4
What is the ten millions digit of 30574151?
3
What is the ten thousands digit of 243449609?
4
What is the millions digit of 990894187?
0
What is the ten millions digit of 492492050?
9
What is the millions digit of 244194824?
4
What is the hundreds digit of 386461849?
8
What is the thousands digit of 76542974?
2
What is the ten thousands digit of 867714463?
1
What is the tens digit of 68933903?
0
What is the ten thousands digit of 54573347?
7
What is the thousands digit of 514365716?
5
What is the units digit of 3943343262?
2
What is the thousands digit of 61980041?
0
What is the ten millions digit of 38726005?
3
What is the hundreds digit of 479496400?
4
What is the hundred millions digit of 196119740?
1
What is the billions digit of 3478828625?
3
What is the tens digit of 1974877934?
3
What is the thousands digit of 191438020?
8
What is the ten millions digit of 4377995323?
7
What is the thousands digit of 133523778?
3
What is the tens digit of 5199836437?
3
What is the units digit of 434925230?
0
What is the tens digit of 4468000840?
4
What is the ten millions digit of 795608630?
9
What is the millions digit of 2457459789?
7
What is the hundreds digit of 1814254905?
9
What is the units digit of 3705586050?
0
What is the millions digit of 432913077?
2
What is the hundred thousands digit of 1341935637?
9
What is the ten millions digit of 204324832?
0
What is the thousands digit of 1700642096?
2
What is the millions digit of 50102915?
0
What is the hundreds digit of 211176043?
0
What is the units digit of 646082768?
8
What is the tens digit of 294762637?
3
What is the units digit of 201983347?
7
What is the thousands digit of 771405391?
5
What is the ten millions digit of 2269910712?
6
What is the ten thousands digit of 89740013?
4
What is the units digit of 183319095?
5
What is the thousands digi